15?
False
Does 12 divide 373236?
True
Does 19 divide 6935?
True
Does 300 divide 3518700?
True
Does 94 divide 644934?
True
Is 7 a factor of 1964459?
True
Does 148 divide 10212?
True
Does 74 divide 596958?
True
Is 16 a factor of 813511?
False
Does 33 divide 4322340?
True
Does 57 divide 195624?
True
Is 566 a factor of 857508?
False
Is 11633 a multiple of 9?
False
Is 64 a factor of 1636142?
False
Does 5 divide 392028?
False
Does 6 divide 1674674?
False
Does 193 divide 9769853?
True
Is 448 a factor of 77709?
False
Does 119 divide 20188707?
True
Is 11 a factor of 2721291?
False
Is 1416054 a multiple of 146?
True
Does 792 divide 181614?
False
Does 58 divide 42335?
False
Is 36421 a multiple of 7?
True
Is 5 a factor of 84700?
True
Is 42 a factor of 2328137?
False
Is 78722 a multiple of 3?
False
Is 184211 a multiple of 449?
False
Is 678280 a multiple of 310?
True
Is 3002313 a multiple of 141?
True
Does 12 divide 12207402?
False
Is 583777 a multiple of 15?
False
Is 2822430 a multiple of 159?
False
Is 22935 a multiple of 55?
True
Does 5 divide 101792?
False
Is 60800 a multiple of 47?
False
Is 501984 a multiple of 249?
True
Is 25 a factor of 2203287?
False
Does 63 divide 10521?
True
Is 148 a factor of 652980?
False
Does 11 divide 270025?
False
Does 29 divide 13037?
False
Is 8 a factor of 3166224?
True
Does 10 divide 3911387?
False
Is 40442 a multiple of 146?
True
Is 2375568 a multiple of 468?
True
Is 62 a factor of 24244?
False
Does 10 divide 25712990?
True
Is 3914133 a multiple of 706?
False
Does 223 divide 484579?
True
Is 29 a factor of 25839?
True
Does 201 divide 1775189?
False
Does 885 divide 16954505?
False
Does 92 divide 2740727?
False
Is 179 a factor of 4309994?
False
Is 805805 a multiple of 30?
False
Is 457 a factor of 366057?
True
Is 4553308 a multiple of 1207?
False
Is 1460701 a multiple of 11?
True
Does 8 divide 10056?
True
Is 294 a factor of 1414042?
False
Is 761139 a multiple of 2?
False
Does 5 divide 12858723?
False
Does 467 divide 234143?
False
Does 7 divide 416262?
True
Is 34 a factor of 7285724?
True
Is 44631 a multiple of 81?
True
Is 51116 a multiple of 13?
True
Is 24 a factor of 25156642?
False
Does 24 divide 1653912?
True
Is 93249 a multiple of 256?
False
Is 112637 a multiple of 14?
False
Does 10 divide 1681010?
True
Is 170407 a multiple of 98?
False
Is 5098039 a multiple of 46?
False
Does 53 divide 47463?
False
Does 426 divide 232148?
False
Is 10 a factor of 6426890?
True
Does 2 divide 8660?
True
Is 8675856 a multiple of 228?
True
Does 14 divide 51490?
False
Is 42 a factor of 812345?
False
Does 30 divide 4228620?
True
Is 41462 a multiple of 3?
False
Does 323 divide 1883143?
False
Does 24 divide 2790168?
True
Is 161 a factor of 691256?
False
Is 102610 a multiple of 21?
False
Is 12190 a multiple of 23?
True
Does 16 divide 1293856?
True
Is 1678263 a multiple of 62?
False
Is 13 a factor of 380699?
False
Is 44 a factor of 240870?
False
Is 51 a factor of 180027?
False
Does 80 divide 849134?
False
Is 1868808 a multiple of 8?
True
Does 19 divide 493506?
True
Does 90 divide 196740?
True
Is 1085 a multiple of 548?
False
Is 389572 a multiple of 52?
False
Is 209124 a multiple of 9?
True
Does 123 divide 141232?
False
Does 849 divide 5302598?
False
Is 1130670 a multiple of 47?
False
Is 67 a factor of 79529?
True
Does 60 divide 1783403?
False
Does 12 divide 63217?
False
Does 210 divide 7770?
True
Is 6 a factor of 2555907?
False
Does 47 divide 1144077?
False
Does 60 divide 874680?
True
Is 6 a factor of 15294?
True
Is 7 a factor of 339248?
True
Is 4735693 a multiple of 281?
True
Is 52 a factor of 84968?
True
Is 171336 a multiple of 213?
False
Is 15303336 a multiple of 372?
True
Is 825664 a multiple of 194?
True
Does 33 divide 929973?
True
Does 233 divide 541206?
False
Does 82 divide 6031756?
True
Is 1051 a factor of 6918733?
True
Does 11 divide 560538?
True
Is 28 a factor of 337652?
True
Does 7 divide 569233?
True
Does 6 divide 15549?
False
Is 34687 a multiple of 77?
False
Does 130 divide 397020?
True
Does 20 divide 33426?
False
Is 40 a factor of 139410?
False
Does 17 divide 3657234?
False
Is 612 a factor of 3598139?
False
Is 26 a factor of 14374?
False
Does 79 divide 309917?
True
Does 11 divide 2262854?
True
Is 77535 a multiple of 45?
True
Is 84 a factor of 3595872?
True
Is 5779171 a multiple of 91?
False
Is 2 a factor of 1073?
False
Does 18 divide 9422532?
True
Does 53 divide 44160?
False
Is 60 a factor of 754620?
True
Is 5 a factor of 4585?
True
Is 84 a factor of 418295?
False
Is 410454 a multiple of 259?
False
Does 6 divide 102096?
True
Does 22 divide 157388?
True
Is 2288007 a multiple of 9?
True
Is 112 a factor of 6575516?
False
Is 124366 a multiple of 3?
False
Does 321 divide 13104278?
False
Does 67 divide 356038?
True
Is 15 a factor of 358088?
False
Does 5 divide 1487280?
True
Does 141 divide 117132?
False
Is 318229 a multiple of 11?
False
Is 43 a factor of 3425251?
True
Does 148 divide 856772?
True
Is 229 a factor of 18549?
True
Is 2 a factor of 24547?
False
Does 129 divide 128123?
False
Is 16 a factor of 10601?
False
Is 11 a factor of 369193?
True
Does 431 divide 746061?
True
Does 51 divide 3205994?
False
Is 21682 a multiple of 24?
False
Is 240 a factor of 149760?
True
Is 22484 a multiple of 44?
True
Is 43 a factor of 1544012?
False
Is 240268 a multiple of 141?
False
Is 666543 a multiple of 426?
False
Is 119646 a multiple of 69?
True
Is 30 a factor of 186780?
True
Is 122591 a multiple of 6?
False
Is 22 a factor of 138160?
True
Is 1370144 a multiple of 62?
False
Is 8 a factor of 86368?
True
Is 24 a factor of 106488?
True
Is 182826 a multiple of 42?
True
Is 848 a factor of 4859969?
False
Is 64251 a multiple of 5?
False
Is 153160 a multiple of 28?
True
Does 22 divide 94152?
False
Is 49 a factor of 6003017?
False
Does 15 divide 7756659?
False
Is 123396 a multiple of 15?
False
Is 262 a factor of 135581?
False
Is 319 a factor of 773894?
True
Is 492959 a multiple of 52?
False
Is 65 a factor of 22497114?
False
Is 489780 a multiple of 27?
True
Is 270 a factor of 197100?
True
Is 62946 a multiple of 13?
True
Is 323 a factor of 603220?
False
Is 16179604 a multiple of 14?
True
Is 10809075 a multiple of 15?
True
Does 949 divide 15452636?
False
Is 18 a factor of 5941062?
True
Does 389 divide 157743?
False
Is 62 a factor of 3919888?
True
Is 193857 a multiple of 14?
False
Does 520 divide 2772120?
True
Is 29 a factor of 3467124?
True
Is 568215 a multiple of 27?
True
Is 23 a factor of 57644?
False
Is 126 a factor of 326734?
False
Is 260669 a multiple of 19?
False
Is 47 a factor of 570462?
False
Is 514 a factor of 843165?
False
Is 16 a factor of 962261?
False
Is 101 a factor of 544585?
False
Is 690764 a multiple of 4?
True
Is 839214 a multiple of 18?
True
Is 275850 a multiple of 30?
True
Does 6 divide 104639?
False
Does 798 divide 1517353?
False
Does 98 divide 4044756?
False
Is 560357 a multiple of 96?
False
Is 68 a factor of 9265?
False
Is 687040 a multiple of 19?
True
Is 33 a factor of 98349?
False
Is 78318 a multiple of 8?
False
Is 2025648 a multiple of 162?
True
Is 44 a factor of 6232688?
True
Does 468 divide 4258800?
True
Is 5 a factor of 7480?
True
Does 165 divide 530310?
True
Does 28 divide 8221108?
True
Is 1203748 a multiple of 424?
False
Is 45 a factor of 418410?
True
Is 24 a factor of 119486?
False
Is 257 a factor of 350284?
False
Is 98 a factor of 1297389?
False
Is 17 a factor of 122417?
True
Does 5 divide 16190?
True
Is 357229 a multiple of 4?
False
Is 18 a factor of 1974456?
True
Is 162583 a multiple of 6?
False
Is 901175 a multiple of 132?
False
Is 147 a factor of 122107?
False
Does 204 divide 354144?
True
Is 48 a factor of 8600910?
False
Does 10 divide 242534?
False
Is 83383 a multiple of 27?
False
Is 2 a factor of 1038749?
False
Is 2531386 a multiple of 26?
True
Does 179 divide 14857?
True
Is 5 a factor of 92150?
True
Does 10 divide 3075870?
True
Does 108 divide 2402244?
True
Is 1561070 a multiple of 58?
True
Does 495 divide 138105?
True
Is 7 a factor of 615965?
True
Does 51 divide 982681?
False
Does 2306 divide 804794?
True
Does 3 divide 15120?
True
Is 7 a factor of 1655304?
True
Does 13 divide 20777874?
True
Does 106 divide 773270?
True
Does 148 divide 1470084?
True
Does 55 divide 364100?
True
Is 3831462 a multiple of 14?
False
Is 18 a fact